{"id":68,"date":"2020-12-11T11:41:59","date_gmt":"2020-12-11T10:41:59","guid":{"rendered":"https:\/\/jhbg-hermannloens.at\/?page_id=68"},"modified":"2020-12-18T16:57:27","modified_gmt":"2020-12-18T15:57:27","slug":"chronik","status":"publish","type":"page","link":"https:\/\/jhbg-hermannloens.at\/?page_id=68","title":{"rendered":"Chronik"},"content":{"rendered":"\n<div class=\"wp-block-image\"><figure class=\"alignleft size-large\"><img loading=\"lazy\" decoding=\"async\" width=\"149\" height=\"185\" src=\"https:\/\/jhbg-hermannloens.at\/wp-content\/uploads\/2020\/12\/Kupferstich.jpg\" alt=\"\" class=\"wp-image-69\"\/><\/figure><\/div>\n\n\n\n<p>H\u00f6rnerklang und Hundelaut sind seit jeher untrennbar mit der Jagd verbunden. Das Jagdhorn diente fr\u00fcher ausschlie\u00dflich als Signalhorn, also zur Kommunikation und Information zwischen den J\u00e4gern und zum Verblasen der Strecke; besonders hervorzuheben ist der Einsatz der Jagdh\u00f6rner bei Treibjagden und Nachsuchen sowie beim Erweisen der letzten Ehre vor dem erlegten Wild.&nbsp;Diese Bedeutung mag im Zeitalter der Funkger\u00e4te und Mobiltelefone zum Teil verloren gegangen sein, doch die Faszination dieses Brauchtums ist wohl auch heute noch gegeben.<\/p>\n\n\n\n<p>Als es nach den Wirren des zweiten Weltkrieges den Menschen wirtschaftlich besser ging, konnte&nbsp;dem jagdlichen Brauchtum der ihm zustehende Stellenwert wieder einger\u00e4umt werden. Auch&nbsp;die in der Bundeshauptstadt Wien ans\u00e4ssigen J\u00e4ger&nbsp;begannen, sich f\u00fcr die Jagdhornmusik zu interessieren.<\/p>\n\n\n\n<div class=\"wp-block-image\"><figure class=\"alignright size-large\"><img loading=\"lazy\" decoding=\"async\" width=\"320\" height=\"177\" src=\"https:\/\/jhbg-hermannloens.at\/wp-content\/uploads\/2020\/12\/Gruppe_1969.jpg\" alt=\"\" class=\"wp-image-70\" srcset=\"https:\/\/jhbg-hermannloens.at\/wp-content\/uploads\/2020\/12\/Gruppe_1969.jpg 320w, https:\/\/jhbg-hermannloens.at\/wp-content\/uploads\/2020\/12\/Gruppe_1969-300x166.jpg 300w\" sizes=\"auto, (max-width: 320px) 100vw, 320px\" \/><\/figure><\/div>\n\n\n\n<p>Die Jagdhornbl\u00e4sergruppe &#8222;Hermann L\u00f6ns Wien&#8220; wurde am 29. September&nbsp; 1966 in&nbsp;Wien XIV gegr\u00fcndet und ist somit die \u00e4lteste Jagdhornbl\u00e4sergruppe Wiens. Der ber\u00fchmte deutsche Heidedichter und passionierte Waidmann (geboren&nbsp;am 29. August 1866, gefallen am 26. September 1914)<br>sollte als&nbsp;unser Namenspatron anl\u00e4sslich seines hundertsten<br>Geburtstages die Verbindung zwischen dem Waidwerk und der jagdlichen Kultur in unserem Lande symbolisieren. Ziel unseres Vereines war und ist es, ohne jede politische Ausrichtung&nbsp;auch im gro\u00dfst\u00e4dtischen Bereich das jagdliche Brauchtum unter Einbeziehung der Jagdmusik zu pflegen und hochzuhalten.<\/p>\n\n\n\n<p>Zum ersten Obmann wurde Otto Resch gew\u00e4hlt. In den ersten Jahren durfte unsere Gruppe an unz\u00e4hligen Gesellschaftsjagden teilnehmen; durch den R\u00fcckgang des Niederwildes ging in den Folgejahren ein Teil dieser Tradition leider verloren. In der Zeit von 1967 bis heute nahmen wir an zahlreichen nationalen und internationalen Wettbewerben im In- und Ausland (Nieder- und Ober\u00f6sterreich, Steiermark, K\u00e4rnten, Tirol, Deutschland, Schweiz, Slowenien, Ungarn) teil, wobei wir bereits mehr als vierzig&nbsp;Leistungsabzeichen in&nbsp;Gold und Silber erringen konnten. In ihrer Glanzzeit geh\u00f6rten unserer Gruppe mehr als 40 Mitglieder an.<\/p>\n\n\n\n<div class=\"wp-block-image\"><figure class=\"alignleft size-large\"><img loading=\"lazy\" decoding=\"async\" width=\"91\" height=\"198\" src=\"https:\/\/jhbg-hermannloens.at\/wp-content\/uploads\/2020\/12\/Sepp_auf_der_Jagd.jpg\" alt=\"\" class=\"wp-image-71\"\/><\/figure><\/div>\n\n\n\n<p>Ab 1987 widmeten wir uns unter dem am 1. November 2001 verstorbenen Hornmeister Sepp Killian durch Anf\u00e4ngerkurse in besonderem Ma\u00dfe der Nachwuchspflege; diese Tradition pflegen&nbsp;wir auch unter HM Wilfried Schl\u00f6gl bis heute und werden dies auch in Hinkunft gerne tun. Stets haben wir gr\u00f6\u00dften Wert darauf gelegt, da\u00df alle unsere Mitglieder auch aktive J\u00e4gerinnen und J\u00e4ger sind, um die Verbundenheit der handwerklichen F\u00e4higkeiten mit den kulturellen Elementen der Jagdaus\u00fcbung zu gew\u00e4hrleisten. Durch die Teilnahme an Wettbewerben, Hubertusmessen, J\u00e4gerb\u00e4llen, Geburtstags-, Hochzeits- und Totenfeiern, Oster- und Adventm\u00e4rkten&nbsp;sowie anderen festlichen Anl\u00e4ssen leisten wir unseren Beitrag dazu, die Interessen der Jagd in der \u00d6ffentlichkeit w\u00fcrdig zu vertreten und diese vor allem der Jugend in einer Zeit, in der die Natur allgemein&nbsp;und speziell der Lebensraum des Wildes&nbsp;immer&nbsp;mehr zur\u00fcck gedr\u00e4ngt werden, entsprechend n\u00e4her zu bringen.<\/p>\n\n\n\n<p>Das Jagdhornblasen soll also niemals Selbstzweck, sondern ein lebendiger Teil der Jagdaus\u00fcbung und unseres jagdlichen Empfindens sein und bleiben!<\/p>\n\n\n\n<div class=\"wp-block-buttons is-layout-flex wp-block-buttons-is-layout-flex\">\n<div class=\"wp-block-button is-style-outline is-style-outline--1\"><a class=\"wp-block-button__link\" href=\"https:\/\/jhbg-hermannloens.at\/?page_id=78\">Biographie<\/a><\/div>\n<\/div>\n","protected":false},"excerpt":{"rendered":"<p>H\u00f6rnerklang und Hundelaut sind seit jeher untrennbar mit der Jagd verbunden. Das Jagdhorn diente fr\u00fcher ausschlie\u00dflich als Signalhorn, also zur Kommunikation und Information zwischen den J\u00e4gern und zum Verblasen der [&hellip;]<\/p>\n","protected":false},"author":1,"featured_media":0,"parent":0,"menu_order":0,"comment_status":"closed","ping_status":"closed","template":"","meta":{"footnotes":""},"class_list":["post-68","page","type-page","status-publish","hentry"],"_links":{"self":[{"href":"https:\/\/jhbg-hermannloens.at\/index.php?rest_route=\/wp\/v2\/pages\/68","targetHints":{"allow":["GET"]}}],"collection":[{"href":"https:\/\/jhbg-hermannloens.at\/index.php?rest_route=\/wp\/v2\/pages"}],"about":[{"href":"https:\/\/jhbg-hermannloens.at\/index.php?rest_route=\/wp\/v2\/types\/page"}],"author":[{"embeddable":true,"href":"https:\/\/jhbg-hermannloens.at\/index.php?rest_route=\/wp\/v2\/users\/1"}],"replies":[{"embeddable":true,"href":"https:\/\/jhbg-hermannloens.at\/index.php?rest_route=%2Fwp%2Fv2%2Fcomments&post=68"}],"version-history":[{"count":4,"href":"https:\/\/jhbg-hermannloens.at\/index.php?rest_route=\/wp\/v2\/pages\/68\/revisions"}],"predecessor-version":[{"id":88,"href":"https:\/\/jhbg-hermannloens.at\/index.php?rest_route=\/wp\/v2\/pages\/68\/revisions\/88"}],"wp:attachment":[{"href":"https:\/\/jhbg-hermannloens.at\/index.php?rest_route=%2Fwp%2Fv2%2Fmedia&parent=68"}],"curies":[{"name":"wp","href":"https:\/\/api.w.org\/{rel}","templated":true}]}}